{"id":1040,"date":"2024-02-15T12:43:53","date_gmt":"2024-02-15T12:43:53","guid":{"rendered":"https:\/\/myprinter-bf.com\/aGeo\/wpAgeo\/?post_type=product&#038;p=1040"},"modified":"2024-02-15T13:33:48","modified_gmt":"2024-02-15T13:33:48","slug":"piles-et-chargeurs","status":"publish","type":"product","link":"https:\/\/africageomatic.com\/site\/product\/piles-et-chargeurs\/","title":{"rendered":"Piles et chargeurs"},"content":{"rendered":"<p>\u00c0 premi\u00e8re vue, les chargeurs et les batteries ne semblent pas \u00eatre des accessoires particuli\u00e8rement importants. Peut-\u00eatre qu\u2019ils ne semblent pas dignes d\u2019attention en termes de qualit\u00e9 ou d\u2019origine. L&rsquo;exp\u00e9rience montre le contraire. Les instruments et leur \u00e9lectronique r\u00e9agissent de mani\u00e8re sensible et n\u00e9cessitent une alimentation \u00e9lectrique fiable dans toutes les conditions environnementales. Les batteries et les chargeurs sont \u00e9galement expos\u00e9s \u00e0 ces conditions : certains fonctionneront, d\u2019autres pourraient le faire, et certains ne dureront pas longtemps, voire pas du tout, dans certaines conditions. C&rsquo;est pourquoi la qualit\u00e9 et l&rsquo;efficacit\u00e9 des originaux comptent \u00e9galement pour les batteries et les chargeurs.<\/p>\n<p>Batteries et chargeurs parfaits<br \/>\nLeica Geosystems vous propose une large palette de chargeurs et de batteries de grande valeur. Pour les chargeurs, vous avez le choix entre la s\u00e9rie Professional 5000, dot\u00e9e de fonctionnalit\u00e9s et d&rsquo;intelligence \u00e9lev\u00e9es, et les s\u00e9ries Professional 3000 et 1000, des alternatives \u00e9conomiques avec moins de fonctionnalit\u00e9s, mais une qualit\u00e9 et une s\u00e9curit\u00e9 exceptionnelles.<\/p>\n","protected":false},"excerpt":{"rendered":"<p>Pour une alimentation \u00e9lectrique fiable<\/p>\n","protected":false},"featured_media":1041,"comment_status":"open","ping_status":"closed","template":"","meta":{"_et_pb_use_builder":"","_et_pb_old_content":"","_et_gb_content_width":""},"product_brand":[],"product_cat":[38],"product_tag":[],"class_list":{"0":"post-1040","1":"product","2":"type-product","3":"status-publish","4":"has-post-thumbnail","6":"product_cat-accessoires","8":"first","9":"instock","10":"shipping-taxable","11":"product-type-simple"},"_links":{"self":[{"href":"https:\/\/africageomatic.com\/site\/wp-json\/wp\/v2\/product\/1040","targetHints":{"allow":["GET"]}}],"collection":[{"href":"https:\/\/africageomatic.com\/site\/wp-json\/wp\/v2\/product"}],"about":[{"href":"https:\/\/africageomatic.com\/site\/wp-json\/wp\/v2\/types\/product"}],"replies":[{"embeddable":true,"href":"https:\/\/africageomatic.com\/site\/wp-json\/wp\/v2\/comments?post=1040"}],"wp:featuredmedia":[{"embeddable":true,"href":"https:\/\/africageomatic.com\/site\/wp-json\/wp\/v2\/media\/1041"}],"wp:attachment":[{"href":"https:\/\/africageomatic.com\/site\/wp-json\/wp\/v2\/media?parent=1040"}],"wp:term":[{"taxonomy":"product_brand","embeddable":true,"href":"https:\/\/africageomatic.com\/site\/wp-json\/wp\/v2\/product_brand?post=1040"},{"taxonomy":"product_cat","embeddable":true,"href":"https:\/\/africageomatic.com\/site\/wp-json\/wp\/v2\/product_cat?post=1040"},{"taxonomy":"product_tag","embeddable":true,"href":"https:\/\/africageomatic.com\/site\/wp-json\/wp\/v2\/product_tag?post=1040"}],"curies":[{"name":"wp","href":"https:\/\/api.w.org\/{rel}","templated":true}]}}