{"id":699,"date":"2023-12-07T08:55:51","date_gmt":"2023-12-07T08:55:51","guid":{"rendered":"https:\/\/myprinter-bf.com\/aGeo\/wpAgeo\/?post_type=product&#038;p=699"},"modified":"2024-01-26T09:56:04","modified_gmt":"2024-01-26T09:56:04","slug":"leica-gs18-t-le-mobile-gnss-temps-reel-le-plus-rapide-au-monde","status":"publish","type":"product","link":"https:\/\/africageomatic.com\/site\/product\/leica-gs18-t-le-mobile-gnss-temps-reel-le-plus-rapide-au-monde\/","title":{"rendered":"Leica GS18 T \u2013 le mobile GNSS temps r\u00e9el le plus rapide au monde"},"content":{"rendered":"<p>Le Leica GS18 T est le mobile GNSS temps r\u00e9el le plus simple et le plus rapide au monde. Il vous permet de gagner un temps consid\u00e9rable puisque qu&rsquo;il n&rsquo;est plus n\u00e9cessaire de caler votre canne \u00e0 l&rsquo;aplomb. Cette toute derni\u00e8re innovation combine le GNSS et l\u2019unit\u00e9 de mesure inertielle (IMU) et constitue la premi\u00e8re vraie solution de compensateur d\u2019inclinaison, insensible aux perturbations magn\u00e9tiques et sans calibration. Comme vous n&rsquo;avez plus besoin de caler la canne, vous pouvez vous concentrer sur vos lev\u00e9s et \u00e9conomiser un temps pr\u00e9cieux par rapport aux m\u00e9thodes de lev\u00e9s conventionnelles. Vous implantez en continu sans interruption, de mani\u00e8re pr\u00e9cise et sans aucune interf\u00e9rences magn\u00e9tiques. Mesurez l\u00e0 o\u00f9 d&rsquo;autres ne le peuvent pas. Le GS18 T est imm\u00e9diatement pr\u00eat \u00e0 l\u2019emploi sans calibration au pr\u00e9alable.<\/p>\n<p>Un logiciel attrayant<br \/>\nLe Leica GS18 s\u2019accompagne du logiciel r\u00e9volutionnaire Leica Captivate pour une exp\u00e9rience immersive puissante. Leica Captivate transforme les donn\u00e9es complexes en mod\u00e8les 3D les plus r\u00e9alistes et les plus faciles \u00e0 travailler. Ce logiciel embarqu\u00e9 couvre les secteurs d\u2019activit\u00e9 les plus vari\u00e9s, aussi simplement que depuis votre smartphone, que vous travailliez avec le GNSS, les stations totales ou les deux.<\/p>\n<p>Des possibilit\u00e9s infinies<br \/>\nPendant que Leica Captivate capture et mod\u00e9lise les donn\u00e9es sur le terrain, Leica Infinity traite les informations de retour au bureau. La fluidit\u00e9 du transfert de donn\u00e9es garantit que le projet progresse comme pr\u00e9vu. Leica Captivate et Leica Infinity travaillent conjointement pour rassembler les donn\u00e9es des lev\u00e9s et pour modifier les projets plus rapidement et de mani\u00e8re plus efficace.<\/p>\n<p>Avec l&rsquo;assurance int\u00e9gr\u00e9e de l&rsquo;inclinaison de la canne, le mobile GNSS en temps r\u00e9el enregistre le positionnement de la canne pendant la mesure et sauvegarde les donn\u00e9es, garantissant une tra\u00e7abilit\u00e9 des mesures et un contr\u00f4le des corrections.<\/p>\n<p>Votre service client en un clic<br \/>\nLe programme Active Customer Care, vous permet d\u2019\u00eatre \u00e0 un clic d\u2019un r\u00e9seau mondial de professionnels exp\u00e9riment\u00e9s pr\u00eat \u00e0 vous guider dans chacune de vos de probl\u00e9matiques.<br \/>\n\u00c9liminez les retards gr\u00e2ce \u00e0 une assistance technique de qualit\u00e9<br \/>\nterminez vos travaux plus rapidement gr\u00e2ce \u00e0 l\u2019assistance de nos experts techniques et \u00e9vitez les retours co\u00fbteux sur les chantiers<br \/>\nContr\u00f4lez vos d\u00e9penses avec l&rsquo;un de nos Contrats de Services Client Personnalis\u00e9s (CCP) sur mesure qui vous assure d\u2019\u00eatre couvert partout, \u00e0 tout moment.<\/p>\n<p>Des appareils portatifs puissants<br \/>\nAvec une commande ou une tablette, emportez tout votre bureau avec vous et faites face \u00e0 toutes les circonstances depuis le creux de votre main. Le carnet de terrain Leica CS20 et la tablette Leica CS35 fournissent un contr\u00f4le, un confort d\u2019utilisation, ainsi qu\u2019une parfaite mobilit\u00e9. L\u2019\u00e9cran tactile permet de traiter les donn\u00e9es confortablement et rapidement, tandis que la visualisation 3D transforme votre exp\u00e9rience GNSS.<\/p>\n","protected":false},"excerpt":{"rendered":"<p>Disponibilit\u00e9 du produit:\u00a0Produit en Stock<\/p>\n","protected":false},"featured_media":379,"comment_status":"open","ping_status":"closed","template":"","meta":{"_et_pb_use_builder":"","_et_pb_old_content":"","_et_gb_content_width":""},"product_brand":[],"product_cat":[19],"product_tag":[],"class_list":{"0":"post-699","1":"product","2":"type-product","3":"status-publish","4":"has-post-thumbnail","6":"product_cat-gps","8":"first","9":"instock","10":"shipping-taxable","11":"product-type-simple"},"_links":{"self":[{"href":"https:\/\/africageomatic.com\/site\/wp-json\/wp\/v2\/product\/699","targetHints":{"allow":["GET"]}}],"collection":[{"href":"https:\/\/africageomatic.com\/site\/wp-json\/wp\/v2\/product"}],"about":[{"href":"https:\/\/africageomatic.com\/site\/wp-json\/wp\/v2\/types\/product"}],"replies":[{"embeddable":true,"href":"https:\/\/africageomatic.com\/site\/wp-json\/wp\/v2\/comments?post=699"}],"wp:featuredmedia":[{"embeddable":true,"href":"https:\/\/africageomatic.com\/site\/wp-json\/wp\/v2\/media\/379"}],"wp:attachment":[{"href":"https:\/\/africageomatic.com\/site\/wp-json\/wp\/v2\/media?parent=699"}],"wp:term":[{"taxonomy":"product_brand","embeddable":true,"href":"https:\/\/africageomatic.com\/site\/wp-json\/wp\/v2\/product_brand?post=699"},{"taxonomy":"product_cat","embeddable":true,"href":"https:\/\/africageomatic.com\/site\/wp-json\/wp\/v2\/product_cat?post=699"},{"taxonomy":"product_tag","embeddable":true,"href":"https:\/\/africageomatic.com\/site\/wp-json\/wp\/v2\/product_tag?post=699"}],"curies":[{"name":"wp","href":"https:\/\/api.w.org\/{rel}","templated":true}]}}