{"id":703,"date":"2023-12-07T09:15:46","date_gmt":"2023-12-07T09:15:46","guid":{"rendered":"https:\/\/myprinter-bf.com\/aGeo\/wpAgeo\/?post_type=product&#038;p=703"},"modified":"2024-01-26T09:51:58","modified_gmt":"2024-01-26T09:51:58","slug":"niveau-automatique-leica-na724","status":"publish","type":"product","link":"https:\/\/africageomatic.com\/site\/product\/niveau-automatique-leica-na724\/","title":{"rendered":"Niveau automatique Leica NA724"},"content":{"rendered":"<p>Le niveau automatique Leica NA724 est l&rsquo;un des instruments populaires dans l&rsquo;industrie du b\u00e2timent et de la construction et est r\u00e9put\u00e9 pour sa t\u00e9nacit\u00e9 et sa pr\u00e9cision lorsqu&rsquo;il est utilis\u00e9 dans des conditions difficiles.<\/p>\n<p>Les dangers tels que les chutes de faible hauteur et l&rsquo;exposition \u00e0 l&rsquo;eau ainsi que les vibrations caus\u00e9es par de grosses machines ne sont jamais un probl\u00e8me pour le Leica NA724. Aucun r\u00e9ajustement n&rsquo;est n\u00e9cessaire car ce niveau continue de mesurer et de fonctionner avec pr\u00e9cision chaque jour, toute la journ\u00e9e.<\/p>\n<p>La bulle circulaire et le cercle horizontal sont faciles \u00e0 lire lorsqu&rsquo;ils sont assis \u00e0 c\u00f4t\u00e9 du t\u00e9lescope et du viseur externe, ce qui permet un ciblage approximatif facile. L&rsquo;image est montr\u00e9e droite et les disques sans fin double face permettent un ciblage rapide. Le NA724 est livr\u00e9 avec l&rsquo;une des meilleures optiques permettant de courtes distances de mesure, une vis\u00e9e pr\u00e9cise et des mesures dans des conditions d&rsquo;\u00e9clairage d\u00e9favorables.<\/p>\n<p>La robustesse accrue et les caract\u00e9ristiques robustes du NA724 incluent des protections contre l&rsquo;eau et la poussi\u00e8re. Des joints \u00e9tanches et un t\u00e9lescope rempli de gaz offrent une protection contre les risques en cas de chute de l&rsquo;instrument dans l&rsquo;eau par exemple.<\/p>\n<p>Les fonctionnalit\u00e9s du Leica NA724 incluent:<br \/>\nGrossissement 24x<br \/>\nImage du t\u00e9lescope droit<br \/>\nT\u00e9lescope rempli de gaz<br \/>\nDiam\u00e8tre objectif 36 mm<br \/>\nDistance de mise au point courte de 50 cm<br \/>\nMesure d&rsquo;angle s\u00e9lectionnable \u00e0 360 degr\u00e9s \/ 400 gon<br \/>\nBulle circulaire de 10 \u2019\/ 2 mm<br \/>\nEntra\u00eenement horizontal sans fin<br \/>\nPr\u00e9cision de double course de 2 mm<br \/>\nPlage de travail de \u00b1 15 \u2019<br \/>\nR\u00e9sistant \u00e0 l&rsquo;eau<br \/>\n\u201320 \u00e0 +50 \u00b0 C de temp\u00e9rature de fonctionnement<br \/>\n1,6 kg de poids total<br \/>\n19 cm x 12 cm x 12 cm<\/p>\n","protected":false},"excerpt":{"rendered":"<p>Disponibilit\u00e9 du produit:\u00a0Produit en Stock<\/p>\n","protected":false},"featured_media":348,"comment_status":"open","ping_status":"closed","template":"","meta":{"_et_pb_use_builder":"","_et_pb_old_content":"","_et_gb_content_width":""},"product_brand":[],"product_cat":[20],"product_tag":[],"class_list":{"0":"post-703","1":"product","2":"type-product","3":"status-publish","4":"has-post-thumbnail","6":"product_cat-niveux-automatiques","8":"first","9":"instock","10":"shipping-taxable","11":"purchasable","12":"product-type-simple"},"_links":{"self":[{"href":"https:\/\/africageomatic.com\/site\/wp-json\/wp\/v2\/product\/703","targetHints":{"allow":["GET"]}}],"collection":[{"href":"https:\/\/africageomatic.com\/site\/wp-json\/wp\/v2\/product"}],"about":[{"href":"https:\/\/africageomatic.com\/site\/wp-json\/wp\/v2\/types\/product"}],"replies":[{"embeddable":true,"href":"https:\/\/africageomatic.com\/site\/wp-json\/wp\/v2\/comments?post=703"}],"wp:featuredmedia":[{"embeddable":true,"href":"https:\/\/africageomatic.com\/site\/wp-json\/wp\/v2\/media\/348"}],"wp:attachment":[{"href":"https:\/\/africageomatic.com\/site\/wp-json\/wp\/v2\/media?parent=703"}],"wp:term":[{"taxonomy":"product_brand","embeddable":true,"href":"https:\/\/africageomatic.com\/site\/wp-json\/wp\/v2\/product_brand?post=703"},{"taxonomy":"product_cat","embeddable":true,"href":"https:\/\/africageomatic.com\/site\/wp-json\/wp\/v2\/product_cat?post=703"},{"taxonomy":"product_tag","embeddable":true,"href":"https:\/\/africageomatic.com\/site\/wp-json\/wp\/v2\/product_tag?post=703"}],"curies":[{"name":"wp","href":"https:\/\/api.w.org\/{rel}","templated":true}]}}