{"id":711,"date":"2023-12-07T09:44:14","date_gmt":"2023-12-07T09:44:14","guid":{"rendered":"https:\/\/myprinter-bf.com\/aGeo\/wpAgeo\/?post_type=product&#038;p=711"},"modified":"2024-01-26T09:47:05","modified_gmt":"2024-01-26T09:47:05","slug":"gps-portable-leica-zeno-5","status":"publish","type":"product","link":"https:\/\/africageomatic.com\/site\/product\/gps-portable-leica-zeno-5\/","title":{"rendered":"GPS portable Leica Zeno 5"},"content":{"rendered":"<p>Le carnet GPS portable le plus robuste et puissant de l&rsquo;industrie avec toutes les fonctions d&rsquo;un t\u00e9l\u00e9phone<\/p>\n<p>GPS portable Leica Zeno 5<br \/>\nLe Zeno 5 propose des fonctionnalit\u00e9s compl\u00e8tes dans un carnet ergonomique &#8211; ce qui en fait le carnet GPS de poche le plus puissant et le plus r\u00e9sistant du march\u00e9 avec toutes les fonctions d&rsquo;un t\u00e9l\u00e9phone. Le processeur affiche une grande rapidit\u00e9, ce qui permet au Zeno 5 une performance sans compromis, totalement int\u00e9gr\u00e9e \u00e0 la gamme Zeno SIG.<\/p>\n<p>Intr\u00e9gration logicielle transparente dans les processus au bureau et sur le terrain pour la collecte de donn\u00e9es<br \/>\nCompatible avec Zeno Field  et Zeno Office, incluant le post-traitement des donn\u00e9es brutes de l&rsquo;antenne GPS interne du Zeno 5<br \/>\nCompatible avec les logiciels tiers fonctionnant sur le Zeno 5 avec Zeno Connect<\/p>\n<p>Exp\u00e9rience de visualisation optimale, ergonomie et robustesse<br \/>\n\u00e9quip\u00e9 d&rsquo;un \u00e9cran 3.7\u00a0\u00bb tactile VGA  transfl\u00e9ctif pouvant \u00eatre op\u00e9r\u00e9 au doigt ou au stylet. L&rsquo;\u00e9cran a \u00e9t\u00e9 con\u00e7u pour une utilisation optimale, lisible en plein soleil et r\u00e9tro-\u00e9clair\u00e9 pour les environnements sombres.<\/p>\n<p>Carnet de poche, l\u00e9ger et r\u00e9sistant (IP54), pr\u00e9vu pour une utilisation \u00e0 une seule main<br \/>\nLogiciel embarqu\u00e9 Windows\u00ae Embedded Handheld 6.5 pour une utilisation simple et intuitive<\/p>\n<p>Les derni\u00e8res technologies pour optimiser votre travail sur le terrain<br \/>\nLe Zeno 5 poss\u00e8de les derni\u00e8res technologies sans fil : capteurs de lumi\u00e8re, acc\u00e9l\u00e9rom\u00e8tre, gyroscope, boussole num\u00e9rique, WiFi et GPS supportant les applications de cartographie GPS avec acc\u00e8s direct au bureau<\/p>\n<p>R\u00e9cepteur GPS haute r\u00e9ceptivit\u00e9 permettant une pr\u00e9cision de positonnement entre 2 et 5 m\u00e8tres<br \/>\nNormes de communication \u00e0 haut d\u00e9bit (GSM \/ UMTS \/ CDMA \/ WiFi et Bluetooth\u00ae)<\/p>\n","protected":false},"excerpt":{"rendered":"<p>Disponibilit\u00e9 du produit:\u00a0Produit en Stock<\/p>\n","protected":false},"featured_media":333,"comment_status":"open","ping_status":"closed","template":"","meta":{"_et_pb_use_builder":"","_et_pb_old_content":"","_et_gb_content_width":""},"product_brand":[],"product_cat":[23],"product_tag":[],"class_list":{"0":"post-711","1":"product","2":"type-product","3":"status-publish","4":"has-post-thumbnail","6":"product_cat-sig-collecteurs-de-donnees","8":"first","9":"instock","10":"shipping-taxable","11":"purchasable","12":"product-type-simple"},"_links":{"self":[{"href":"https:\/\/africageomatic.com\/site\/wp-json\/wp\/v2\/product\/711","targetHints":{"allow":["GET"]}}],"collection":[{"href":"https:\/\/africageomatic.com\/site\/wp-json\/wp\/v2\/product"}],"about":[{"href":"https:\/\/africageomatic.com\/site\/wp-json\/wp\/v2\/types\/product"}],"replies":[{"embeddable":true,"href":"https:\/\/africageomatic.com\/site\/wp-json\/wp\/v2\/comments?post=711"}],"wp:featuredmedia":[{"embeddable":true,"href":"https:\/\/africageomatic.com\/site\/wp-json\/wp\/v2\/media\/333"}],"wp:attachment":[{"href":"https:\/\/africageomatic.com\/site\/wp-json\/wp\/v2\/media?parent=711"}],"wp:term":[{"taxonomy":"product_brand","embeddable":true,"href":"https:\/\/africageomatic.com\/site\/wp-json\/wp\/v2\/product_brand?post=711"},{"taxonomy":"product_cat","embeddable":true,"href":"https:\/\/africageomatic.com\/site\/wp-json\/wp\/v2\/product_cat?post=711"},{"taxonomy":"product_tag","embeddable":true,"href":"https:\/\/africageomatic.com\/site\/wp-json\/wp\/v2\/product_tag?post=711"}],"curies":[{"name":"wp","href":"https:\/\/api.w.org\/{rel}","templated":true}]}}