{"id":721,"date":"2023-12-07T10:22:37","date_gmt":"2023-12-07T10:22:37","guid":{"rendered":"https:\/\/myprinter-bf.com\/aGeo\/wpAgeo\/?post_type=product&#038;p=721"},"modified":"2024-01-26T09:34:36","modified_gmt":"2024-01-26T09:34:36","slug":"leica-icon-roller","status":"publish","type":"product","link":"https:\/\/africageomatic.com\/site\/product\/leica-icon-roller\/","title":{"rendered":"Leica iCON roller"},"content":{"rendered":"<p>D\u00e9couvrez les avantages uniques des syst\u00e8mes de contr\u00f4le de machine Leica iCON maintenant dans votre rouleau avec sa visualisation facile et directe du processus de compactage.<\/p>\n<p>Avec le rouleau iCON, la simplicit\u00e9 est essentielle car elle permet de surveiller et de documenter le processus de compactage tout en am\u00e9liorant la qualit\u00e9 du compactage et en r\u00e9duisant les co\u00fbts d&rsquo;exploitation.<\/p>\n<p>Avantages<\/p>\n<p>R\u00e9novation facile pour toutes les sp\u00e9cifications de rouleaux<br \/>\nPositionnement GNSS jusqu&rsquo;\u00e0 2 cm de pr\u00e9cision en position<br \/>\nVisualisation en couleur de la cartographie du nombre de passes \u00e0 l&rsquo;\u00e9cran<br \/>\nSurveillance de la vitesse et avertissement pour une progression constante du compactage<br \/>\n\u00c9vitez la sur- et la sous-compression et les retouches co\u00fbteuses qui en r\u00e9sultent<br \/>\nTransfert de donn\u00e9es sans fil pour un suivi en temps r\u00e9el des progr\u00e8s<br \/>\nRapports de travail pour le contr\u00f4le qualit\u00e9 ou la lib\u00e9ration des paiements<br \/>\nLeica Geosystems propose des solutions de contr\u00f4le de machines 3D pour les applications de nivellement, de refoulement, d&rsquo;excavation et de pavage. Le rouleau de compactage iCON compl\u00e8te cette offre pour une application extr\u00eamement importante pour la qualit\u00e9 durable d&rsquo;un projet d&rsquo;infrastructure ou d&rsquo;un b\u00e2timent de toute nature. De petits \u00e9carts de qualit\u00e9 pourraient avoir des cons\u00e9quences co\u00fbteuses si le sol compact\u00e9 dans chaque couche n&rsquo;est pas adapt\u00e9 \u00e0 la charge requise. Le rouleau iCON rend le travail de compactage pour l&rsquo;op\u00e9rateur du rouleau et l&rsquo;entrepreneur plus facile et \u00e0 moindre co\u00fbt, aidant \u00e0 atteindre une qualit\u00e9 de compactage sup\u00e9rieure avec des risques r\u00e9duits de tout type de d\u00e9formations ou de fissures.<\/p>\n<p>Pr\u00e9paration<\/p>\n<p>T\u00e9l\u00e9chargez les donn\u00e9es du projet (fichiers xml) via la t\u00e9l\u00e9matique iCON<br \/>\nImportez des fichiers de couches avec un nombre de passes et des objectifs de vitesse<br \/>\nPersonnaliser l&rsquo;\u00e9cran (vue de dessus ou 3D \/ vue d\u00e9cal\u00e9e)<br \/>\nL&rsquo;avancement des travaux<br \/>\nEnregistrement automatis\u00e9 du processus de travail avec les coordonn\u00e9es GPS<\/p>\n<p>Activer la fonction de vibration le cas \u00e9ch\u00e9ant<br \/>\nSurveiller la cartographie du nombre de passes color\u00e9es sur l&rsquo;\u00e9cran<br \/>\nRestez dans la fen\u00eatre de vitesse et suivez les avertissements de vitesse<br \/>\nLe travail est termin\u00e9 lorsque tout le travail est couvert avec un nombre cible de passes<br \/>\nContr\u00f4le de qualit\u00e9<\/p>\n<p>Suivez les progr\u00e8s en temps r\u00e9el via la t\u00e9l\u00e9matique iCON<br \/>\nDans le cas o\u00f9 plusieurs rouleaux sont en cours de travail, la t\u00e9l\u00e9matique iCON combine les donn\u00e9es de travail \u00e0 un rapport de travail complet<br \/>\nG\u00e9n\u00e9rer un rapport de travail pour le contr\u00f4le qualit\u00e9 ou la lib\u00e9ration du paiement<\/p>\n","protected":false},"excerpt":{"rendered":"<p>Disponibilit\u00e9 du produit:\u00a0Produit en Stock<\/p>\n","protected":false},"featured_media":303,"comment_status":"open","ping_status":"closed","template":"","meta":{"_et_pb_use_builder":"","_et_pb_old_content":"","_et_gb_content_width":""},"product_brand":[],"product_cat":[26],"product_tag":[],"class_list":{"0":"post-721","1":"product","2":"type-product","3":"status-publish","4":"has-post-thumbnail","6":"product_cat-machine-control","8":"first","9":"instock","10":"shipping-taxable","11":"product-type-simple"},"_links":{"self":[{"href":"https:\/\/africageomatic.com\/site\/wp-json\/wp\/v2\/product\/721","targetHints":{"allow":["GET"]}}],"collection":[{"href":"https:\/\/africageomatic.com\/site\/wp-json\/wp\/v2\/product"}],"about":[{"href":"https:\/\/africageomatic.com\/site\/wp-json\/wp\/v2\/types\/product"}],"replies":[{"embeddable":true,"href":"https:\/\/africageomatic.com\/site\/wp-json\/wp\/v2\/comments?post=721"}],"wp:featuredmedia":[{"embeddable":true,"href":"https:\/\/africageomatic.com\/site\/wp-json\/wp\/v2\/media\/303"}],"wp:attachment":[{"href":"https:\/\/africageomatic.com\/site\/wp-json\/wp\/v2\/media?parent=721"}],"wp:term":[{"taxonomy":"product_brand","embeddable":true,"href":"https:\/\/africageomatic.com\/site\/wp-json\/wp\/v2\/product_brand?post=721"},{"taxonomy":"product_cat","embeddable":true,"href":"https:\/\/africageomatic.com\/site\/wp-json\/wp\/v2\/product_cat?post=721"},{"taxonomy":"product_tag","embeddable":true,"href":"https:\/\/africageomatic.com\/site\/wp-json\/wp\/v2\/product_tag?post=721"}],"curies":[{"name":"wp","href":"https:\/\/api.w.org\/{rel}","templated":true}]}}