{"id":734,"date":"2024-04-30T12:12:22","date_gmt":"2024-04-30T12:12:22","guid":{"rendered":"https:\/\/myprinter-bf.com\/aGeo\/wpAgeo\/?post_type=product&#038;p=734"},"modified":"2024-04-30T11:35:44","modified_gmt":"2024-04-30T11:35:44","slug":"leica-nova-tm50","status":"publish","type":"product","link":"https:\/\/africageomatic.com\/site\/product\/leica-nova-tm50\/","title":{"rendered":"Leica Nova TM50"},"content":{"rendered":"<p>G\u00e9rer et surveiller efficacement les structures<br \/>\nChaque demi-seconde compte<\/p>\n<p>Les soci\u00e9t\u00e9s d&rsquo;ing\u00e9nierie et les entrepreneurs sont confront\u00e9s \u00e0 des d\u00e9fis accrus pour surveiller les structures en constante \u00e9volution. Ils sont inculp\u00e9s &#8211; et tenus pour responsables &#8211; de l&rsquo;\u00e9tat des structures qu&rsquo;ils cr\u00e9ent et entretiennent. Afin de surmonter ces d\u00e9fis, les ing\u00e9nieurs doivent \u00eatre capables de mesurer les mouvements structurels avec une pr\u00e9cision millim\u00e9trique.<\/p>\n<p>Pour les \u00e9quipements permettant de g\u00e9rer et de surveiller ces structures, les ing\u00e9nieurs comptent sur la station de surveillance Leica Nova TM50 &#8211; chaque demi-seconde compte.<\/p>\n<p>Assistance d&rsquo;image pour chaque situation<br \/>\nLe Nova TM50 comprend une cam\u00e9ra de pr\u00e9sentation et une cam\u00e9ra de t\u00e9lescope avec un grossissement 30x et une mise au point automatique. Gr\u00e2ce \u00e0 une technologie de traitement d&rsquo;image de pointe, le Nova TM50 offre une image de la plus haute qualit\u00e9 pour une documentation visuelle compl\u00e8te ou l&rsquo;environnement de surveillance. Les obstructions dans la ligne de vis\u00e9e peuvent facilement \u00eatre inspect\u00e9es \u00e0 distance, \u00e9vitant ainsi les probl\u00e8mes de s\u00e9curit\u00e9 dans les environnements \u00e0 haut risque.<\/p>\n<p>Fonctionnement continu et fiabilit\u00e9<br \/>\nLe Nova TM50 rel\u00e8ve les d\u00e9fis des applications de surveillance &#8211; 24 heures par jour, 7 jours par semaine et est con\u00e7u pour:<\/p>\n<p>R\u00e9siste \u00e0 l&rsquo;utilisation la plus rude dans les environnements les plus s\u00e9v\u00e8res<br \/>\nFonctionne sur une large plage de temp\u00e9ratures<br \/>\nFonctionne enti\u00e8rement en plein soleil et dans l&rsquo;obscurit\u00e9 totale<br \/>\nInt\u00e9gration compl\u00e8te de la surveillance<br \/>\nLe Nova TM50 constitue l&rsquo;un des composants d&rsquo;une solution de surveillance unique qui int\u00e8gre de mani\u00e8re transparente les stations totales, les r\u00e9cepteurs et antennes GNSS, les capteurs g\u00e9otechniques, les logiciels et les infrastructures de communication informatique. Le logiciel Leica GeoMoS fournit un syst\u00e8me de surveillance automatique de la d\u00e9formation hautement flexible qui est capable de combiner des capteurs pour vous donner la tranquillit\u00e9 d&rsquo;esprit.<\/p>\n<p>Service client en un clic<\/p>\n<p>Gr\u00e2ce \u00e0 Active Customer Care, un r\u00e9seau mondial de professionnels exp\u00e9riment\u00e9s n&rsquo;est qu&rsquo;\u00e0 un clic pour vous guider de mani\u00e8re experte \u00e0 travers n&rsquo;importe quel probl\u00e8me:<\/p>\n<p>\u00c9liminez les retards gr\u00e2ce \u00e0 un service technique sup\u00e9rieur<br \/>\nTerminez les travaux plus rapidement avec un excellent support de conseil<br \/>\n\u00c9vitez les visites co\u00fbteuses du site avec le service en ligne pour envoyer et recevoir des donn\u00e9es directement depuis le terrain.<br \/>\nContr\u00f4lez vos co\u00fbts avec un forfait de service \u00e0 la client\u00e8le personnalis\u00e9, vous offrant la tranquillit\u00e9 d&rsquo;esprit et vous \u00eates couvert partout et \u00e0 tout moment.<\/p>\n","protected":false},"excerpt":{"rendered":"<p>Disponibilit\u00e9 du produit:\u00a0Produit en Stock<\/p>\n","protected":false},"featured_media":308,"comment_status":"open","ping_status":"closed","template":"","meta":{"_et_pb_use_builder":"","_et_pb_old_content":"","_et_gb_content_width":""},"product_brand":[],"product_cat":[18],"product_tag":[],"class_list":{"0":"post-734","1":"product","2":"type-product","3":"status-publish","4":"has-post-thumbnail","6":"product_cat-stations-totales-robotisees","8":"first","9":"instock","10":"shipping-taxable","11":"product-type-simple"},"_links":{"self":[{"href":"https:\/\/africageomatic.com\/site\/wp-json\/wp\/v2\/product\/734","targetHints":{"allow":["GET"]}}],"collection":[{"href":"https:\/\/africageomatic.com\/site\/wp-json\/wp\/v2\/product"}],"about":[{"href":"https:\/\/africageomatic.com\/site\/wp-json\/wp\/v2\/types\/product"}],"replies":[{"embeddable":true,"href":"https:\/\/africageomatic.com\/site\/wp-json\/wp\/v2\/comments?post=734"}],"wp:featuredmedia":[{"embeddable":true,"href":"https:\/\/africageomatic.com\/site\/wp-json\/wp\/v2\/media\/308"}],"wp:attachment":[{"href":"https:\/\/africageomatic.com\/site\/wp-json\/wp\/v2\/media?parent=734"}],"wp:term":[{"taxonomy":"product_brand","embeddable":true,"href":"https:\/\/africageomatic.com\/site\/wp-json\/wp\/v2\/product_brand?post=734"},{"taxonomy":"product_cat","embeddable":true,"href":"https:\/\/africageomatic.com\/site\/wp-json\/wp\/v2\/product_cat?post=734"},{"taxonomy":"product_tag","embeddable":true,"href":"https:\/\/africageomatic.com\/site\/wp-json\/wp\/v2\/product_tag?post=734"}],"curies":[{"name":"wp","href":"https:\/\/api.w.org\/{rel}","templated":true}]}}